{"id":23508,"date":"2019-10-15T16:29:05","date_gmt":"2019-10-15T14:29:05","guid":{"rendered":"https:\/\/asianfilmfestival.barcelona\/2019\/?post_type=portfolio&#038;p=23508"},"modified":"2019-10-15T16:29:05","modified_gmt":"2019-10-15T14:29:05","slug":"darklight","status":"publish","type":"portfolio","link":"https:\/\/asianfilmfestival.barcelona\/2019\/es\/film-item\/darklight\/","title":{"rendered":"DARKLIGHT"},"content":{"rendered":"<div class=\"flex_column av_one_half  flex_column_div first  avia-builder-el-0  el_before_av_one_half  avia-builder-el-first  \" ><div   data-size='portfolio'  data-lightbox_size='large'  data-animation='fade'  data-conditional_play=''  data-ids='23498,23495'  data-video_counter='0'  data-autoplay='true'  data-bg_slider='false'  data-slide_height=''  data-handle='av_slideshow'  data-interval='3'  data-class=' avia-builder-el-1  avia-builder-el-no-sibling   avia-small-width-slider'  data-el_id=''  data-css_id=''  data-scroll_down=''  data-control_layout='av-control-hidden'  data-custom_markup=''  data-perma_caption=''  data-autoplay_stopper=''  data-image_attachment=''  data-min_height='0px'  data-default-height='80.808080808081'  class='avia-slideshow avia-slideshow-1  av-control-hidden av-default-height-applied avia-slideshow-portfolio av_slideshow  avia-builder-el-1  avia-builder-el-no-sibling   avia-small-width-slider avia-fade-slider '  itemprop=\"image\" itemscope=\"itemscope\" itemtype=\"https:\/\/schema.org\/ImageObject\" ><ul class='avia-slideshow-inner ' style='padding-bottom: 80.808080808081%;' ><li  class=' slide-1 ' ><div data-rel='slideshow-1' class='avia-slide-wrap '   ><img src='https:\/\/asianfilmfestival.barcelona\/2019\/wp-content\/uploads\/2019\/10\/India-DARKLIGHT-2-495x400.jpg' width='495' height='400' title='India-DARKLIGHT-(2)' alt=''  itemprop=\"thumbnailUrl\"   \/><\/div><\/li><li  class=' slide-2 ' ><div data-rel='slideshow-1' class='avia-slide-wrap '   ><img src='https:\/\/asianfilmfestival.barcelona\/2019\/wp-content\/uploads\/2019\/10\/India-DARKLIGHT-1-495x400.jpg' width='495' height='400' title='India-DARKLIGHT-(1)' alt=''  itemprop=\"thumbnailUrl\"   \/><\/div><\/li><\/ul><div class='avia-slideshow-arrows avia-slideshow-controls'><a href='#prev' class='prev-slide' aria-hidden='true' data-av_icon='\ue87c' data-av_iconfont='entypo-fontello'>Anterior<\/a><a href='#next' class='next-slide' aria-hidden='true' data-av_icon='\ue87d' data-av_iconfont='entypo-fontello'>Posterior<\/a><\/div><div class='avia-slideshow-dots avia-slideshow-controls'><a href='#1' class='goto-slide active' >1<\/a><a href='#2' class='goto-slide ' >2<\/a><\/div><\/div><\/div>\n<div class=\"flex_column av_one_half  flex_column_div   avia-builder-el-2  el_after_av_one_half  avia-builder-el-last  \" ><h1><span style=\"color: #d32e1b;\">DARKLIGHT<\/span><\/h1>\n<h4><span style=\"color: #999999;\">India<\/span><\/h4>\n<h4><span style=\"color: #999999;\">Secci\u00f3n Oficial Panorama <\/span><\/h4>\n<p>Director: Mayur Hardas<br \/>\nA\u00f1o: 2018<br \/>\nDuraci\u00f3n: 113&#8242;<br \/>\nIdioma: VOSC<br \/>\nG\u00e9nero: Comedia<\/p>\n<p><div  class=\"togglecontainer   toggle_close_all  avia-builder-el-3  el_before_av_hr  avia-builder-el-first \" >\n<section class=\"av_toggle_section\"  itemscope=\"itemscope\" itemtype=\"https:\/\/schema.org\/CreativeWork\"  >    <div role=\"tablist\" class=\"single_toggle\" data-tags=\"{Todo} \"  >        <p data-fake-id=\"#toggle-id-1\" class=\"toggler \"  itemprop=\"headline\"    role=\"tab\" tabindex=\"0\" aria-controls=\"toggle-id-1\">Sinopsis<span class=\"toggle_icon\" >        <span class=\"vert_icon\"><\/span><span class=\"hor_icon\"><\/span><\/span><\/p>        <div id=\"toggle-id-1\" class=\"toggle_wrap \"  >            <div class=\"toggle_content invers-color \"  itemprop=\"text\"   ><p>Es el eterno resplandor de la mente lo que motiva a la gente a vivir una vida hermosa. Una chica a mediados de sus veinte a\u00f1os est\u00e1 atrapada en una vida aburrida, y la carga de la presi\u00f3n social y las expectativas familiares. Siendo la mayor, sus padres esperan que se establezca, con un buen trabajo y carrera. Su vida est\u00e1 estancada en un extra\u00f1o c\u00edrculo vicioso y no puede avanzar seg\u00fan las expectativas de su familia. Con ambos padres trabajando como profesores, tambi\u00e9n esperan que ella elija ense\u00f1ar como profesi\u00f3n, lo que es una expectativa bastante est\u00e1ndar viniendo de una familia de clase media de mente cerrada. Su vida parece bastante ca\u00f3tica y repleta de sue\u00f1os que representan exactamente el contrario de lo que est\u00e1 viviendo.<\/p>\n            <\/div>        <\/div>    <\/div><\/section>\n<section class=\"av_toggle_section\"  itemscope=\"itemscope\" itemtype=\"https:\/\/schema.org\/CreativeWork\"  >    <div role=\"tablist\" class=\"single_toggle\" data-tags=\"{Todo} \"  >        <p data-fake-id=\"#toggle-id-2\" class=\"toggler \"  itemprop=\"headline\"    role=\"tab\" tabindex=\"0\" aria-controls=\"toggle-id-2\">Biograf\u00eda<span class=\"toggle_icon\" >        <span class=\"vert_icon\"><\/span><span class=\"hor_icon\"><\/span><\/span><\/p>        <div id=\"toggle-id-2\" class=\"toggle_wrap \"  >            <div class=\"toggle_content invers-color \"  itemprop=\"text\"   ><p><strong>Mayur Hardas<\/strong> es editor, director de fotograf\u00eda, director cinematogr\u00e1fico y guionista. Es conocido por \u00abRaakshas\u00bb (2018), \u00abCycle\u00bb (2018) y \u00abHostel Days\u00bb (2018). \u00abDarklight\u00bb es su primer largometraje como director y guionista.<\/p>\n            <\/div>        <\/div>    <\/div><\/section>\n<\/div><br \/>\n<div  style='height:20px' class='hr hr-invisible   avia-builder-el-4  el_after_av_toggle_container  el_before_av_button '><span class='hr-inner ' ><span class='hr-inner-style'><\/span><\/span><\/div><\/p>\n<h4 style=\"text-align: center;\"><span style=\"color: #d32e1b;\"><b>PROYECCI\u00d3N<\/b><\/span><\/h4>\n<p style=\"text-align: center;\">Mi\u00e9rcoles 6 de Noviembre<br \/>\n10:00h<br \/>\nCINEMES GIRONA<\/p>\n<div  class='avia-button-wrap avia-button-center  avia-builder-el-5  el_after_av_hr  avia-builder-el-last ' ><a href='http:\/\/www.cinemesgirona.cat' class='avia-button  avia-color-theme-color   avia-icon_select-no avia-size-x-large avia-position-center ' target=\"_blank\" rel=\"noopener\"><span class='avia_iconbox_title' >COMPRAR ENTRADAS<\/span><\/a><\/div><\/div>\n","protected":false},"excerpt":{"rendered":"<p>Mayur Hardas &#8211; 2018<\/p>\n","protected":false},"featured_media":23495,"comment_status":"closed","ping_status":"closed","template":"","tags":[],"portfolio_entries":[94,105,102],"class_list":["post-23508","portfolio","type-portfolio","status-publish","has-post-thumbnail","hentry","portfolio_entries-cinemes-girona-esp","portfolio_entries-india-es","portfolio_entries-panorama-es"],"yoast_head":"<!-- This site is optimized with the Yoast SEO plugin v20.10 - https:\/\/yoast.com\/wordpress\/plugins\/seo\/ -->\n<title>DARKLIGHT - Asian Film Festival Barcelona<\/title>\n<meta name=\"robots\" content=\"noindex, follow, max-snippet:-1, max-image-preview:large, max-video-preview:-1\" \/>\n<meta property=\"og:locale\" content=\"es_ES\" \/>\n<meta property=\"og:type\" content=\"article\" \/>\n<meta property=\"og:title\" content=\"DARKLIGHT - Asian Film Festival Barcelona\" \/>\n<meta property=\"og:description\" content=\"Mayur Hardas - 2018\" \/>\n<meta property=\"og:url\" content=\"https:\/\/asianfilmfestival.barcelona\/2019\/es\/film-item\/darklight\/\" \/>\n<meta property=\"og:site_name\" content=\"Asian Film Festival Barcelona\" \/>\n<meta property=\"og:image\" content=\"https:\/\/asianfilmfestival.barcelona\/2019\/wp-content\/uploads\/2019\/10\/India-DARKLIGHT-1.jpg\" \/>\n\t<meta property=\"og:image:width\" content=\"988\" \/>\n\t<meta property=\"og:image:height\" content=\"642\" \/>\n\t<meta property=\"og:image:type\" content=\"image\/jpeg\" \/>\n<meta name=\"twitter:card\" content=\"summary_large_image\" \/>\n<meta name=\"twitter:label1\" content=\"Tiempo de lectura\" \/>\n\t<meta name=\"twitter:data1\" content=\"2 minutos\" \/>\n<script type=\"application\/ld+json\" class=\"yoast-schema-graph\">{\"@context\":\"https:\/\/schema.org\",\"@graph\":[{\"@type\":\"WebPage\",\"@id\":\"https:\/\/asianfilmfestival.barcelona\/2019\/es\/film-item\/darklight\/\",\"url\":\"https:\/\/asianfilmfestival.barcelona\/2019\/es\/film-item\/darklight\/\",\"name\":\"DARKLIGHT - Asian Film Festival Barcelona\",\"isPartOf\":{\"@id\":\"https:\/\/asianfilmfestival.barcelona\/2019\/#website\"},\"datePublished\":\"2019-10-15T14:29:05+00:00\",\"dateModified\":\"2019-10-15T14:29:05+00:00\",\"breadcrumb\":{\"@id\":\"https:\/\/asianfilmfestival.barcelona\/2019\/es\/film-item\/darklight\/#breadcrumb\"},\"inLanguage\":\"es\",\"potentialAction\":[{\"@type\":\"ReadAction\",\"target\":[\"https:\/\/asianfilmfestival.barcelona\/2019\/es\/film-item\/darklight\/\"]}]},{\"@type\":\"BreadcrumbList\",\"@id\":\"https:\/\/asianfilmfestival.barcelona\/2019\/es\/film-item\/darklight\/#breadcrumb\",\"itemListElement\":[{\"@type\":\"ListItem\",\"position\":1,\"name\":\"Home\",\"item\":\"https:\/\/asianfilmfestival.barcelona\/2019\/es\/\"},{\"@type\":\"ListItem\",\"position\":2,\"name\":\"DARKLIGHT\"}]},{\"@type\":\"WebSite\",\"@id\":\"https:\/\/asianfilmfestival.barcelona\/2019\/#website\",\"url\":\"https:\/\/asianfilmfestival.barcelona\/2019\/\",\"name\":\"Asian Film Festival Barcelona\",\"description\":\"2019\",\"potentialAction\":[{\"@type\":\"SearchAction\",\"target\":{\"@type\":\"EntryPoint\",\"urlTemplate\":\"https:\/\/asianfilmfestival.barcelona\/2019\/?s={search_term_string}\"},\"query-input\":\"required name=search_term_string\"}],\"inLanguage\":\"es\"}]}<\/script>\n<!-- \/ Yoast SEO plugin. -->","yoast_head_json":{"title":"DARKLIGHT - Asian Film Festival Barcelona","robots":{"index":"noindex","follow":"follow","max-snippet":"max-snippet:-1","max-image-preview":"max-image-preview:large","max-video-preview":"max-video-preview:-1"},"og_locale":"es_ES","og_type":"article","og_title":"DARKLIGHT - Asian Film Festival Barcelona","og_description":"Mayur Hardas - 2018","og_url":"https:\/\/asianfilmfestival.barcelona\/2019\/es\/film-item\/darklight\/","og_site_name":"Asian Film Festival Barcelona","og_image":[{"width":988,"height":642,"url":"https:\/\/asianfilmfestival.barcelona\/2019\/wp-content\/uploads\/2019\/10\/India-DARKLIGHT-1.jpg","type":"image\/jpeg"}],"twitter_card":"summary_large_image","twitter_misc":{"Tiempo de lectura":"2 minutos"},"schema":{"@context":"https:\/\/schema.org","@graph":[{"@type":"WebPage","@id":"https:\/\/asianfilmfestival.barcelona\/2019\/es\/film-item\/darklight\/","url":"https:\/\/asianfilmfestival.barcelona\/2019\/es\/film-item\/darklight\/","name":"DARKLIGHT - Asian Film Festival Barcelona","isPartOf":{"@id":"https:\/\/asianfilmfestival.barcelona\/2019\/#website"},"datePublished":"2019-10-15T14:29:05+00:00","dateModified":"2019-10-15T14:29:05+00:00","breadcrumb":{"@id":"https:\/\/asianfilmfestival.barcelona\/2019\/es\/film-item\/darklight\/#breadcrumb"},"inLanguage":"es","potentialAction":[{"@type":"ReadAction","target":["https:\/\/asianfilmfestival.barcelona\/2019\/es\/film-item\/darklight\/"]}]},{"@type":"BreadcrumbList","@id":"https:\/\/asianfilmfestival.barcelona\/2019\/es\/film-item\/darklight\/#breadcrumb","itemListElement":[{"@type":"ListItem","position":1,"name":"Home","item":"https:\/\/asianfilmfestival.barcelona\/2019\/es\/"},{"@type":"ListItem","position":2,"name":"DARKLIGHT"}]},{"@type":"WebSite","@id":"https:\/\/asianfilmfestival.barcelona\/2019\/#website","url":"https:\/\/asianfilmfestival.barcelona\/2019\/","name":"Asian Film Festival Barcelona","description":"2019","potentialAction":[{"@type":"SearchAction","target":{"@type":"EntryPoint","urlTemplate":"https:\/\/asianfilmfestival.barcelona\/2019\/?s={search_term_string}"},"query-input":"required name=search_term_string"}],"inLanguage":"es"}]}},"_links":{"self":[{"href":"https:\/\/asianfilmfestival.barcelona\/2019\/es\/wp-json\/wp\/v2\/portfolio\/23508","targetHints":{"allow":["GET"]}}],"collection":[{"href":"https:\/\/asianfilmfestival.barcelona\/2019\/es\/wp-json\/wp\/v2\/portfolio"}],"about":[{"href":"https:\/\/asianfilmfestival.barcelona\/2019\/es\/wp-json\/wp\/v2\/types\/portfolio"}],"replies":[{"embeddable":true,"href":"https:\/\/asianfilmfestival.barcelona\/2019\/es\/wp-json\/wp\/v2\/comments?post=23508"}],"version-history":[{"count":3,"href":"https:\/\/asianfilmfestival.barcelona\/2019\/es\/wp-json\/wp\/v2\/portfolio\/23508\/revisions"}],"predecessor-version":[{"id":24906,"href":"https:\/\/asianfilmfestival.barcelona\/2019\/es\/wp-json\/wp\/v2\/portfolio\/23508\/revisions\/24906"}],"wp:featuredmedia":[{"embeddable":true,"href":"https:\/\/asianfilmfestival.barcelona\/2019\/es\/wp-json\/wp\/v2\/media\/23495"}],"wp:attachment":[{"href":"https:\/\/asianfilmfestival.barcelona\/2019\/es\/wp-json\/wp\/v2\/media?parent=23508"}],"wp:term":[{"taxonomy":"post_tag","embeddable":true,"href":"https:\/\/asianfilmfestival.barcelona\/2019\/es\/wp-json\/wp\/v2\/tags?post=23508"},{"taxonomy":"portfolio_entries","embeddable":true,"href":"https:\/\/asianfilmfestival.barcelona\/2019\/es\/wp-json\/wp\/v2\/portfolio_entries?post=23508"}],"curies":[{"name":"wp","href":"https:\/\/api.w.org\/{rel}","templated":true}]}}

<div class="flex_column av_one_half  flex_column_div first  avia-builder-el-0  el_before_av_one_half  avia-builder-el-first  " ><div   data-size='portfolio'  data-lightbox_size='large'  data-animation='fade'  data-conditional_play=''  data-ids='23498,23495'  data-video_counter='0'  data-autoplay='true'  data-bg_slider='false'  data-slide_height=''  data-handle='av_slideshow'  data-interval='3'  data-class=' avia-builder-el-1  avia-builder-el-no-sibling   avia-small-width-slider'  data-el_id=''  data-css_id=''  data-scroll_down=''  data-control_layout='av-control-hidden'  data-custom_markup=''  data-perma_caption=''  data-autoplay_stopper=''  data-image_attachment=''  data-min_height='0px'  data-default-height='80.808080808081'  class='avia-slideshow avia-slideshow-1  av-control-hidden av-default-height-applied avia-slideshow-portfolio av_slideshow  avia-builder-el-1  avia-builder-el-no-sibling   avia-small-width-slider avia-fade-slider '  itemprop="image" itemscope="itemscope" itemtype="https://schema.org/ImageObject" ><ul class='avia-slideshow-inner ' style='padding-bottom: 80.808080808081%;' ><li  class=' slide-1 ' ><div data-rel='slideshow-1' class='avia-slide-wrap '   ><img src='https://asianfilmfestival.barcelona/2019/wp-content/uploads/2019/10/India-DARKLIGHT-2-495x400.jpg' width='495' height='400' title='India-DARKLIGHT-(2)' alt=''  itemprop="thumbnailUrl"   /></div></li><li  class=' slide-2 ' ><div data-rel='slideshow-1' class='avia-slide-wrap '   ><img src='https://asianfilmfestival.barcelona/2019/wp-content/uploads/2019/10/India-DARKLIGHT-1-495x400.jpg' width='495' height='400' title='India-DARKLIGHT-(1)' alt=''  itemprop="thumbnailUrl"   /></div></li></ul><div class='avia-slideshow-arrows avia-slideshow-controls'><a href='#prev' class='prev-slide' aria-hidden='true' data-av_icon='' data-av_iconfont='entypo-fontello'>Anterior</a><a href='#next' class='next-slide' aria-hidden='true' data-av_icon='' data-av_iconfont='entypo-fontello'>Posterior</a></div><div class='avia-slideshow-dots avia-slideshow-controls'><a href='#1' class='goto-slide active' >1</a><a href='#2' class='goto-slide ' >2</a></div></div></div>
<div class="flex_column av_one_half  flex_column_div   avia-builder-el-2  el_after_av_one_half  avia-builder-el-last  " ><h1><span style="color: #d32e1b;">DARKLIGHT</span></h1>
<h4><span style="color: #999999;">India</span></h4>
<h4><span style="color: #999999;">Sección Oficial Panorama </span></h4>
<p>Director: Mayur Hardas<br />
Año: 2018<br />
Duración: 113&#8242;<br />
Idioma: VOSC<br />
Género: Comedia</p>
<p><div  class="togglecontainer   toggle_close_all  avia-builder-el-3  el_before_av_hr  avia-builder-el-first " >
<section class="av_toggle_section"  itemscope="itemscope" itemtype="https://schema.org/CreativeWork"  >    <div role="tablist" class="single_toggle" data-tags="{Todo} "  >        <p data-fake-id="#toggle-id-1" class="toggler "  itemprop="headline"    role="tab" tabindex="0" aria-controls="toggle-id-1">Sinopsis<span class="toggle_icon" >        <span class="vert_icon"></span><span class="hor_icon"></span></span></p>        <div id="toggle-id-1" class="toggle_wrap "  >            <div class="toggle_content invers-color "  itemprop="text"   ><p>Es el eterno resplandor de la mente lo que motiva a la gente a vivir una vida hermosa. Una chica a mediados de sus veinte años está atrapada en una vida aburrida, y la carga de la presión social y las expectativas familiares. Siendo la mayor, sus padres esperan que se establezca, con un buen trabajo y carrera. Su vida está estancada en un extraño círculo vicioso y no puede avanzar según las expectativas de su familia. Con ambos padres trabajando como profesores, también esperan que ella elija enseñar como profesión, lo que es una expectativa bastante estándar viniendo de una familia de clase media de mente cerrada. Su vida parece bastante caótica y repleta de sueños que representan exactamente el contrario de lo que está viviendo.</p>
            </div>        </div>    </div></section>
<section class="av_toggle_section"  itemscope="itemscope" itemtype="https://schema.org/CreativeWork"  >    <div role="tablist" class="single_toggle" data-tags="{Todo} "  >        <p data-fake-id="#toggle-id-2" class="toggler "  itemprop="headline"    role="tab" tabindex="0" aria-controls="toggle-id-2">Biografía<span class="toggle_icon" >        <span class="vert_icon"></span><span class="hor_icon"></span></span></p>        <div id="toggle-id-2" class="toggle_wrap "  >            <div class="toggle_content invers-color "  itemprop="text"   ><p><strong>Mayur Hardas</strong> es editor, director de fotografía, director cinematográfico y guionista. Es conocido por «Raakshas» (2018), «Cycle» (2018) y «Hostel Days» (2018). «Darklight» es su primer largometraje como director y guionista.</p>
            </div>        </div>    </div></section>
</div><br />
<div  style='height:20px' class='hr hr-invisible   avia-builder-el-4  el_after_av_toggle_container  el_before_av_button '><span class='hr-inner ' ><span class='hr-inner-style'></span></span></div></p>
<h4 style="text-align: center;"><span style="color: #d32e1b;"><b>PROYECCIÓN</b></span></h4>
<p style="text-align: center;">Miércoles 6 de Noviembre<br />
10:00h<br />
CINEMES GIRONA</p>
<div  class='avia-button-wrap avia-button-center  avia-builder-el-5  el_after_av_hr  avia-builder-el-last ' ><a href='http://www.cinemesgirona.cat' class='avia-button  avia-color-theme-color   avia-icon_select-no avia-size-x-large avia-position-center ' target="_blank" rel="noopener"><span class='avia_iconbox_title' >COMPRAR ENTRADAS</span></a></div></div>
