{"id":23506,"date":"2019-10-15T16:28:13","date_gmt":"2019-10-15T14:28:13","guid":{"rendered":"https:\/\/asianfilmfestival.barcelona\/2019\/?post_type=portfolio&#038;p=23506"},"modified":"2019-10-15T16:28:13","modified_gmt":"2019-10-15T14:28:13","slug":"darklight","status":"publish","type":"portfolio","link":"https:\/\/asianfilmfestival.barcelona\/2019\/ca\/film-item\/darklight\/","title":{"rendered":"DARKLIGHT"},"content":{"rendered":"<div class=\"flex_column av_one_half  flex_column_div first  avia-builder-el-0  el_before_av_one_half  avia-builder-el-first  \" ><div   data-size='portfolio'  data-lightbox_size='large'  data-animation='fade'  data-conditional_play=''  data-ids='23498,23495'  data-video_counter='0'  data-autoplay='true'  data-bg_slider='false'  data-slide_height=''  data-handle='av_slideshow'  data-interval='3'  data-class=' avia-builder-el-1  avia-builder-el-no-sibling   avia-small-width-slider'  data-el_id=''  data-css_id=''  data-scroll_down=''  data-control_layout='av-control-hidden'  data-custom_markup=''  data-perma_caption=''  data-autoplay_stopper=''  data-image_attachment=''  data-min_height='0px'  data-default-height='80.808080808081'  class='avia-slideshow avia-slideshow-1  av-control-hidden av-default-height-applied avia-slideshow-portfolio av_slideshow  avia-builder-el-1  avia-builder-el-no-sibling   avia-small-width-slider avia-fade-slider ' ><ul class='avia-slideshow-inner ' style='padding-bottom: 80.808080808081%;' ><li  class=' slide-1 ' ><div data-rel='slideshow-1' class='avia-slide-wrap '   ><img src='https:\/\/asianfilmfestival.barcelona\/2019\/wp-content\/uploads\/2019\/10\/India-DARKLIGHT-2-495x400.jpg' width='495' height='400' title='India-DARKLIGHT-(2)' alt=''   \/><\/div><\/li><li  class=' slide-2 ' ><div data-rel='slideshow-1' class='avia-slide-wrap '   ><img src='https:\/\/asianfilmfestival.barcelona\/2019\/wp-content\/uploads\/2019\/10\/India-DARKLIGHT-1-495x400.jpg' width='495' height='400' title='India-DARKLIGHT-(1)' alt=''   \/><\/div><\/li><\/ul><div class='avia-slideshow-arrows avia-slideshow-controls'><a href='#prev' class='prev-slide' aria-hidden='true' data-av_icon='\ue87c' data-av_iconfont='entypo-fontello'>Anterior<\/a><a href='#next' class='next-slide' aria-hidden='true' data-av_icon='\ue87d' data-av_iconfont='entypo-fontello'>Seg\u00fcent<\/a><\/div><div class='avia-slideshow-dots avia-slideshow-controls'><a href='#1' class='goto-slide active' >1<\/a><a href='#2' class='goto-slide ' >2<\/a><\/div><\/div><\/div>\n<div class=\"flex_column av_one_half  flex_column_div   avia-builder-el-2  el_after_av_one_half  avia-builder-el-last  \" ><h1><span style=\"color: #d32e1b;\">DARKLIGHT<\/span><\/h1>\n<h4><span style=\"color: #999999;\">India<\/span><\/h4>\n<h4><span style=\"color: #999999;\">Secci\u00f3 Oficial Panorama <\/span><\/h4>\n<p>Director: Mayur Hardas<br \/>\nAny: 2018<br \/>\nDurada: 113&#8242;<br \/>\nIdioma: VOSC<br \/>\nG\u00e8nere: Com\u00e8dia<\/p>\n<p><div  class=\"togglecontainer   toggle_close_all  avia-builder-el-3  el_before_av_hr  avia-builder-el-first \" >\n<section class=\"av_toggle_section\"  >    <div role=\"tablist\" class=\"single_toggle\" data-tags=\"{All} \"  >        <p data-fake-id=\"#toggle-id-1\" class=\"toggler \"    role=\"tab\" tabindex=\"0\" aria-controls=\"toggle-id-1\">Sinopsi<span class=\"toggle_icon\" >        <span class=\"vert_icon\"><\/span><span class=\"hor_icon\"><\/span><\/span><\/p>        <div id=\"toggle-id-1\" class=\"toggle_wrap \"  >            <div class=\"toggle_content invers-color \"   ><p>\u00c9s l&#8217;etern resplendor de la ment el que motiva a la gent a viure una vida bella. Una noia que es troba a mitjans dels seus vint anys est\u00e0 atrapada en una vida avorrida, i la c\u00e0rrega de la pressi\u00f3 social i les expectatives familiars. Sent la major, els seus pares esperen que s&#8217;estableixi, amb una bona feina i carrera. La seva vida est\u00e0 estancada en un estrany cercle vici\u00f3s i no pot avan\u00e7ar segons les expectatives de la seva fam\u00edlia. Amb ambd\u00f3s pares treballant com a professors, tamb\u00e9 esperen que ella elegeixi la doc\u00e8ncia com a professi\u00f3, la qual cosa \u00e9s una expectativa bastant est\u00e0ndard venint d\u2019una fam\u00edlia de classe mitjana de ment tancada. La seva vida sembla bastant ca\u00f2tica, i repleta de somnis que representen exactament el contrari del que est\u00e0 vivint.<\/p>\n            <\/div>        <\/div>    <\/div><\/section>\n<section class=\"av_toggle_section\"  >    <div role=\"tablist\" class=\"single_toggle\" data-tags=\"{All} \"  >        <p data-fake-id=\"#toggle-id-2\" class=\"toggler \"    role=\"tab\" tabindex=\"0\" aria-controls=\"toggle-id-2\">Biografia<span class=\"toggle_icon\" >        <span class=\"vert_icon\"><\/span><span class=\"hor_icon\"><\/span><\/span><\/p>        <div id=\"toggle-id-2\" class=\"toggle_wrap \"  >            <div class=\"toggle_content invers-color \"   ><p><strong>Mayur Hardas<\/strong> \u00e9s editor, director de fotografia, director cinematogr\u00e0fic i guionista. \u00c9s conegut per &#8220;Raakshas&#8221; (2018), &#8220;Cycle&#8221; (2018) i &#8220;Hostel Days&#8221; (2018). &#8220;Darklight&#8221; \u00e9s el seu primer llargmetratge com a director i guionista.<\/p>\n            <\/div>        <\/div>    <\/div><\/section>\n<\/div><br \/>\n<div  style='height:20px' class='hr hr-invisible   avia-builder-el-4  el_after_av_toggle_container  el_before_av_button '><span class='hr-inner ' ><span class='hr-inner-style'><\/span><\/span><\/div><\/p>\n<h4 style=\"text-align: center;\"><span style=\"color: #d32e1b;\"><b>PROJECCI\u00d3<\/b><\/span><\/h4>\n<p style=\"text-align: center;\">Dimecres 6 de Novembre<br \/>\n10:00h<br \/>\nCINEMES GIRONA<\/p>\n<div  class='avia-button-wrap avia-button-center  avia-builder-el-5  el_after_av_hr  avia-builder-el-last ' ><a href='http:\/\/www.cinemesgirona.cat' class='avia-button  avia-color-theme-color   avia-icon_select-no avia-size-x-large avia-position-center ' target=\"_blank\" rel=\"noopener\"><span class='avia_iconbox_title' >COMPRAR ENTRADES<\/span><\/a><\/div><\/div>\n","protected":false},"excerpt":{"rendered":"<p>Mayur Hardas &#8211; 2018<\/p>\n","protected":false},"featured_media":23496,"comment_status":"closed","ping_status":"closed","template":"","tags":[],"portfolio_entries":[38,47,128],"class_list":["post-23506","portfolio","type-portfolio","status-publish","has-post-thumbnail","hentry","portfolio_entries-cinemes-girona-ca","portfolio_entries-india","portfolio_entries-panorama-ca"],"yoast_head":"<!-- This site is optimized with the Yoast SEO plugin v20.10 - https:\/\/yoast.com\/wordpress\/plugins\/seo\/ -->\n<title>DARKLIGHT - Asian Film Festival Barcelona<\/title>\n<meta name=\"robots\" content=\"noindex, follow, max-snippet:-1, max-image-preview:large, max-video-preview:-1\" \/>\n<meta property=\"og:locale\" content=\"ca_ES\" \/>\n<meta property=\"og:type\" content=\"article\" \/>\n<meta property=\"og:title\" content=\"DARKLIGHT - Asian Film Festival Barcelona\" \/>\n<meta property=\"og:description\" content=\"Mayur Hardas - 2018\" \/>\n<meta property=\"og:url\" content=\"https:\/\/asianfilmfestival.barcelona\/2019\/ca\/film-item\/darklight\/\" \/>\n<meta property=\"og:site_name\" content=\"Asian Film Festival Barcelona\" \/>\n<meta property=\"og:image\" content=\"https:\/\/asianfilmfestival.barcelona\/2019\/wp-content\/uploads\/2019\/10\/India-DARKLIGHT-1.jpg\" \/>\n\t<meta property=\"og:image:width\" content=\"988\" \/>\n\t<meta property=\"og:image:height\" content=\"642\" \/>\n\t<meta property=\"og:image:type\" content=\"image\/jpeg\" \/>\n<meta name=\"twitter:card\" content=\"summary_large_image\" \/>\n<meta name=\"twitter:label1\" content=\"Temps estimat de lectura\" \/>\n\t<meta name=\"twitter:data1\" content=\"2 minuts\" \/>\n<script type=\"application\/ld+json\" class=\"yoast-schema-graph\">{\"@context\":\"https:\/\/schema.org\",\"@graph\":[{\"@type\":\"WebPage\",\"@id\":\"https:\/\/asianfilmfestival.barcelona\/2019\/ca\/film-item\/darklight\/\",\"url\":\"https:\/\/asianfilmfestival.barcelona\/2019\/ca\/film-item\/darklight\/\",\"name\":\"DARKLIGHT - Asian Film Festival Barcelona\",\"isPartOf\":{\"@id\":\"https:\/\/asianfilmfestival.barcelona\/2019\/#website\"},\"datePublished\":\"2019-10-15T14:28:13+00:00\",\"dateModified\":\"2019-10-15T14:28:13+00:00\",\"breadcrumb\":{\"@id\":\"https:\/\/asianfilmfestival.barcelona\/2019\/ca\/film-item\/darklight\/#breadcrumb\"},\"inLanguage\":\"ca\",\"potentialAction\":[{\"@type\":\"ReadAction\",\"target\":[\"https:\/\/asianfilmfestival.barcelona\/2019\/ca\/film-item\/darklight\/\"]}]},{\"@type\":\"BreadcrumbList\",\"@id\":\"https:\/\/asianfilmfestival.barcelona\/2019\/ca\/film-item\/darklight\/#breadcrumb\",\"itemListElement\":[{\"@type\":\"ListItem\",\"position\":1,\"name\":\"Home\",\"item\":\"https:\/\/asianfilmfestival.barcelona\/2019\/ca\/\"},{\"@type\":\"ListItem\",\"position\":2,\"name\":\"DARKLIGHT\"}]},{\"@type\":\"WebSite\",\"@id\":\"https:\/\/asianfilmfestival.barcelona\/2019\/#website\",\"url\":\"https:\/\/asianfilmfestival.barcelona\/2019\/\",\"name\":\"Asian Film Festival Barcelona\",\"description\":\"2019\",\"potentialAction\":[{\"@type\":\"SearchAction\",\"target\":{\"@type\":\"EntryPoint\",\"urlTemplate\":\"https:\/\/asianfilmfestival.barcelona\/2019\/?s={search_term_string}\"},\"query-input\":\"required name=search_term_string\"}],\"inLanguage\":\"ca\"}]}<\/script>\n<!-- \/ Yoast SEO plugin. -->","yoast_head_json":{"title":"DARKLIGHT - Asian Film Festival Barcelona","robots":{"index":"noindex","follow":"follow","max-snippet":"max-snippet:-1","max-image-preview":"max-image-preview:large","max-video-preview":"max-video-preview:-1"},"og_locale":"ca_ES","og_type":"article","og_title":"DARKLIGHT - Asian Film Festival Barcelona","og_description":"Mayur Hardas - 2018","og_url":"https:\/\/asianfilmfestival.barcelona\/2019\/ca\/film-item\/darklight\/","og_site_name":"Asian Film Festival Barcelona","og_image":[{"width":988,"height":642,"url":"https:\/\/asianfilmfestival.barcelona\/2019\/wp-content\/uploads\/2019\/10\/India-DARKLIGHT-1.jpg","type":"image\/jpeg"}],"twitter_card":"summary_large_image","twitter_misc":{"Temps estimat de lectura":"2 minuts"},"schema":{"@context":"https:\/\/schema.org","@graph":[{"@type":"WebPage","@id":"https:\/\/asianfilmfestival.barcelona\/2019\/ca\/film-item\/darklight\/","url":"https:\/\/asianfilmfestival.barcelona\/2019\/ca\/film-item\/darklight\/","name":"DARKLIGHT - Asian Film Festival Barcelona","isPartOf":{"@id":"https:\/\/asianfilmfestival.barcelona\/2019\/#website"},"datePublished":"2019-10-15T14:28:13+00:00","dateModified":"2019-10-15T14:28:13+00:00","breadcrumb":{"@id":"https:\/\/asianfilmfestival.barcelona\/2019\/ca\/film-item\/darklight\/#breadcrumb"},"inLanguage":"ca","potentialAction":[{"@type":"ReadAction","target":["https:\/\/asianfilmfestival.barcelona\/2019\/ca\/film-item\/darklight\/"]}]},{"@type":"BreadcrumbList","@id":"https:\/\/asianfilmfestival.barcelona\/2019\/ca\/film-item\/darklight\/#breadcrumb","itemListElement":[{"@type":"ListItem","position":1,"name":"Home","item":"https:\/\/asianfilmfestival.barcelona\/2019\/ca\/"},{"@type":"ListItem","position":2,"name":"DARKLIGHT"}]},{"@type":"WebSite","@id":"https:\/\/asianfilmfestival.barcelona\/2019\/#website","url":"https:\/\/asianfilmfestival.barcelona\/2019\/","name":"Asian Film Festival Barcelona","description":"2019","potentialAction":[{"@type":"SearchAction","target":{"@type":"EntryPoint","urlTemplate":"https:\/\/asianfilmfestival.barcelona\/2019\/?s={search_term_string}"},"query-input":"required name=search_term_string"}],"inLanguage":"ca"}]}},"_links":{"self":[{"href":"https:\/\/asianfilmfestival.barcelona\/2019\/ca\/wp-json\/wp\/v2\/portfolio\/23506","targetHints":{"allow":["GET"]}}],"collection":[{"href":"https:\/\/asianfilmfestival.barcelona\/2019\/ca\/wp-json\/wp\/v2\/portfolio"}],"about":[{"href":"https:\/\/asianfilmfestival.barcelona\/2019\/ca\/wp-json\/wp\/v2\/types\/portfolio"}],"replies":[{"embeddable":true,"href":"https:\/\/asianfilmfestival.barcelona\/2019\/ca\/wp-json\/wp\/v2\/comments?post=23506"}],"version-history":[{"count":3,"href":"https:\/\/asianfilmfestival.barcelona\/2019\/ca\/wp-json\/wp\/v2\/portfolio\/23506\/revisions"}],"predecessor-version":[{"id":24558,"href":"https:\/\/asianfilmfestival.barcelona\/2019\/ca\/wp-json\/wp\/v2\/portfolio\/23506\/revisions\/24558"}],"wp:featuredmedia":[{"embeddable":true,"href":"https:\/\/asianfilmfestival.barcelona\/2019\/ca\/wp-json\/wp\/v2\/media\/23496"}],"wp:attachment":[{"href":"https:\/\/asianfilmfestival.barcelona\/2019\/ca\/wp-json\/wp\/v2\/media?parent=23506"}],"wp:term":[{"taxonomy":"post_tag","embeddable":true,"href":"https:\/\/asianfilmfestival.barcelona\/2019\/ca\/wp-json\/wp\/v2\/tags?post=23506"},{"taxonomy":"portfolio_entries","embeddable":true,"href":"https:\/\/asianfilmfestival.barcelona\/2019\/ca\/wp-json\/wp\/v2\/portfolio_entries?post=23506"}],"curies":[{"name":"wp","href":"https:\/\/api.w.org\/{rel}","templated":true}]}}

<div class="flex_column av_one_half  flex_column_div first  avia-builder-el-0  el_before_av_one_half  avia-builder-el-first  " ><div   data-size='portfolio'  data-lightbox_size='large'  data-animation='fade'  data-conditional_play=''  data-ids='23498,23495'  data-video_counter='0'  data-autoplay='true'  data-bg_slider='false'  data-slide_height=''  data-handle='av_slideshow'  data-interval='3'  data-class=' avia-builder-el-1  avia-builder-el-no-sibling   avia-small-width-slider'  data-el_id=''  data-css_id=''  data-scroll_down=''  data-control_layout='av-control-hidden'  data-custom_markup=''  data-perma_caption=''  data-autoplay_stopper=''  data-image_attachment=''  data-min_height='0px'  data-default-height='80.808080808081'  class='avia-slideshow avia-slideshow-1  av-control-hidden av-default-height-applied avia-slideshow-portfolio av_slideshow  avia-builder-el-1  avia-builder-el-no-sibling   avia-small-width-slider avia-fade-slider ' ><ul class='avia-slideshow-inner ' style='padding-bottom: 80.808080808081%;' ><li  class=' slide-1 ' ><div data-rel='slideshow-1' class='avia-slide-wrap '   ><img src='https://asianfilmfestival.barcelona/2019/wp-content/uploads/2019/10/India-DARKLIGHT-2-495x400.jpg' width='495' height='400' title='India-DARKLIGHT-(2)' alt=''   /></div></li><li  class=' slide-2 ' ><div data-rel='slideshow-1' class='avia-slide-wrap '   ><img src='https://asianfilmfestival.barcelona/2019/wp-content/uploads/2019/10/India-DARKLIGHT-1-495x400.jpg' width='495' height='400' title='India-DARKLIGHT-(1)' alt=''   /></div></li></ul><div class='avia-slideshow-arrows avia-slideshow-controls'><a href='#prev' class='prev-slide' aria-hidden='true' data-av_icon='' data-av_iconfont='entypo-fontello'>Anterior</a><a href='#next' class='next-slide' aria-hidden='true' data-av_icon='' data-av_iconfont='entypo-fontello'>Següent</a></div><div class='avia-slideshow-dots avia-slideshow-controls'><a href='#1' class='goto-slide active' >1</a><a href='#2' class='goto-slide ' >2</a></div></div></div>
<div class="flex_column av_one_half  flex_column_div   avia-builder-el-2  el_after_av_one_half  avia-builder-el-last  " ><h1><span style="color: #d32e1b;">DARKLIGHT</span></h1>
<h4><span style="color: #999999;">India</span></h4>
<h4><span style="color: #999999;">Secció Oficial Panorama </span></h4>
<p>Director: Mayur Hardas<br />
Any: 2018<br />
Durada: 113&#8242;<br />
Idioma: VOSC<br />
Gènere: Comèdia</p>
<p><div  class="togglecontainer   toggle_close_all  avia-builder-el-3  el_before_av_hr  avia-builder-el-first " >
<section class="av_toggle_section"  >    <div role="tablist" class="single_toggle" data-tags="{All} "  >        <p data-fake-id="#toggle-id-1" class="toggler "    role="tab" tabindex="0" aria-controls="toggle-id-1">Sinopsi<span class="toggle_icon" >        <span class="vert_icon"></span><span class="hor_icon"></span></span></p>        <div id="toggle-id-1" class="toggle_wrap "  >            <div class="toggle_content invers-color "   ><p>És l&#8217;etern resplendor de la ment el que motiva a la gent a viure una vida bella. Una noia que es troba a mitjans dels seus vint anys està atrapada en una vida avorrida, i la càrrega de la pressió social i les expectatives familiars. Sent la major, els seus pares esperen que s&#8217;estableixi, amb una bona feina i carrera. La seva vida està estancada en un estrany cercle viciós i no pot avançar segons les expectatives de la seva família. Amb ambdós pares treballant com a professors, també esperen que ella elegeixi la docència com a professió, la qual cosa és una expectativa bastant estàndard venint d’una família de classe mitjana de ment tancada. La seva vida sembla bastant caòtica, i repleta de somnis que representen exactament el contrari del que està vivint.</p>
            </div>        </div>    </div></section>
<section class="av_toggle_section"  >    <div role="tablist" class="single_toggle" data-tags="{All} "  >        <p data-fake-id="#toggle-id-2" class="toggler "    role="tab" tabindex="0" aria-controls="toggle-id-2">Biografia<span class="toggle_icon" >        <span class="vert_icon"></span><span class="hor_icon"></span></span></p>        <div id="toggle-id-2" class="toggle_wrap "  >            <div class="toggle_content invers-color "   ><p><strong>Mayur Hardas</strong> és editor, director de fotografia, director cinematogràfic i guionista. És conegut per &#8220;Raakshas&#8221; (2018), &#8220;Cycle&#8221; (2018) i &#8220;Hostel Days&#8221; (2018). &#8220;Darklight&#8221; és el seu primer llargmetratge com a director i guionista.</p>
            </div>        </div>    </div></section>
</div><br />
<div  style='height:20px' class='hr hr-invisible   avia-builder-el-4  el_after_av_toggle_container  el_before_av_button '><span class='hr-inner ' ><span class='hr-inner-style'></span></span></div></p>
<h4 style="text-align: center;"><span style="color: #d32e1b;"><b>PROJECCIÓ</b></span></h4>
<p style="text-align: center;">Dimecres 6 de Novembre<br />
10:00h<br />
CINEMES GIRONA</p>
<div  class='avia-button-wrap avia-button-center  avia-builder-el-5  el_after_av_hr  avia-builder-el-last ' ><a href='http://www.cinemesgirona.cat' class='avia-button  avia-color-theme-color   avia-icon_select-no avia-size-x-large avia-position-center ' target="_blank" rel="noopener"><span class='avia_iconbox_title' >COMPRAR ENTRADES</span></a></div></div>
