{"id":21145,"date":"2019-09-20T15:15:15","date_gmt":"2019-09-20T13:15:15","guid":{"rendered":"https:\/\/test.asianfilmfestival.barcelona\/2019\/film-item\/yeva\/"},"modified":"2019-09-23T18:33:44","modified_gmt":"2019-09-23T16:33:44","slug":"yeva","status":"publish","type":"portfolio","link":"https:\/\/asianfilmfestival.barcelona\/2019\/ca\/film-item\/yeva\/","title":{"rendered":"YEVA"},"content":{"rendered":"<div class=\"flex_column av_one_half  flex_column_div first  avia-builder-el-0  el_before_av_one_half  avia-builder-el-first  \" ><p><a href=\"https:\/\/www.aparat.com\/video\/video\/embed\/videohash\/f6Ohc\/vt\/frame\"><img loading=\"lazy\" decoding=\"async\" class=\"alignnone wp-image-21096 size-full\" src=\"https:\/\/test.asianfilmfestival.barcelona\/2019\/wp-content\/uploads\/2019\/09\/Iran-YEVA-3_PLAY.jpg\" alt=\"\" width=\"988\" height=\"642\" srcset=\"https:\/\/asianfilmfestival.barcelona\/2019\/wp-content\/uploads\/2019\/09\/Iran-YEVA-3_PLAY.jpg 988w, https:\/\/asianfilmfestival.barcelona\/2019\/wp-content\/uploads\/2019\/09\/Iran-YEVA-3_PLAY-300x195.jpg 300w, https:\/\/asianfilmfestival.barcelona\/2019\/wp-content\/uploads\/2019\/09\/Iran-YEVA-3_PLAY-768x499.jpg 768w, https:\/\/asianfilmfestival.barcelona\/2019\/wp-content\/uploads\/2019\/09\/Iran-YEVA-3_PLAY-705x458.jpg 705w\" sizes=\"auto, (max-width: 988px) 100vw, 988px\" \/><\/a><\/p>\n<div   data-size='portfolio'  data-lightbox_size='large'  data-animation='fade'  data-conditional_play=''  data-ids='21090,21093'  data-video_counter='0'  data-autoplay='true'  data-bg_slider='false'  data-slide_height=''  data-handle='av_slideshow'  data-interval='3'  data-class=' avia-builder-el-1  avia-builder-el-no-sibling   avia-small-width-slider'  data-el_id=''  data-css_id=''  data-scroll_down=''  data-control_layout='av-control-hidden'  data-custom_markup=''  data-perma_caption=''  data-autoplay_stopper=''  data-image_attachment=''  data-min_height='0px'  data-default-height='80.808080808081'  class='avia-slideshow avia-slideshow-1  av-control-hidden av-default-height-applied avia-slideshow-portfolio av_slideshow  avia-builder-el-1  avia-builder-el-no-sibling   avia-small-width-slider avia-fade-slider ' ><ul class='avia-slideshow-inner ' style='padding-bottom: 80.808080808081%;' ><li  class=' slide-1 ' ><div data-rel='slideshow-1' class='avia-slide-wrap '   ><img src='https:\/\/asianfilmfestival.barcelona\/2019\/wp-content\/uploads\/2019\/09\/Iran-YEVA-1-495x400.jpg' width='495' height='400' title='Iran-YEVA-(1)' alt=''   \/><\/div><\/li><li  class=' slide-2 ' ><div data-rel='slideshow-1' class='avia-slide-wrap '   ><img src='https:\/\/asianfilmfestival.barcelona\/2019\/wp-content\/uploads\/2019\/09\/Iran-YEVA-2-495x400.jpg' width='495' height='400' title='Iran-YEVA-(2)' alt=''   \/><\/div><\/li><\/ul><div class='avia-slideshow-arrows avia-slideshow-controls'><a href='#prev' class='prev-slide' aria-hidden='true' data-av_icon='\ue87c' data-av_iconfont='entypo-fontello'>Anterior<\/a><a href='#next' class='next-slide' aria-hidden='true' data-av_icon='\ue87d' data-av_iconfont='entypo-fontello'>Seg\u00fcent<\/a><\/div><div class='avia-slideshow-dots avia-slideshow-controls'><a href='#1' class='goto-slide active' >1<\/a><a href='#2' class='goto-slide ' >2<\/a><\/div><\/div><\/div>\n<div class=\"flex_column av_one_half  flex_column_div   avia-builder-el-2  el_after_av_one_half  avia-builder-el-last  \" ><h1><span style=\"color: #d32e1b;\">YEVA<\/span><\/h1>\n<h4><span style=\"color: #999999;\">Iran, Arm\u00e8nia <\/span><\/h4>\n<h4><span style=\"color: #999999;\">Secci\u00f3 Discoveries <\/span><\/h4>\n<p>Director: Anahid Abad<br \/>\nAny: 2017<br \/>\nDurada: 96&#8242;<br \/>\nIdioma: VOSE<br \/>\nG\u00e8nere: Drama<\/p>\n<p><div  class=\"togglecontainer   toggle_close_all  avia-builder-el-3  el_before_av_hr  avia-builder-el-first \" >\n<section class=\"av_toggle_section\"  >    <div role=\"tablist\" class=\"single_toggle\" data-tags=\"{All} \"  >        <p data-fake-id=\"#toggle-id-1\" class=\"toggler \"    role=\"tab\" tabindex=\"0\" aria-controls=\"toggle-id-1\">Sinopsi<span class=\"toggle_icon\" >        <span class=\"vert_icon\"><\/span><span class=\"hor_icon\"><\/span><\/span><\/p>        <div id=\"toggle-id-1\" class=\"toggle_wrap \"  >            <div class=\"toggle_content invers-color \"   ><p>La Yeva \u00e9s una jove que abandona la casa dels seus influents sogres amb la seva filla Nareh, despr\u00e9s de la tr\u00e0gica mort del seu marit. A continuaci\u00f3, es refugia en un dels poblats de Karabakh (Arm\u00e8nia). Tanmateix, \u00e9s vista com una completa estrangera d\u2019aquell lloc i es veu obligada a viure disfressada per a no cridar l&#8217;atenci\u00f3. L\u2019Anahid Abad, diu haver trobat als seus personatges en una zona tan remota com Karabakh, en qu\u00e8 la inseguretat de la guerra fa que els seus habitants es vegin obligats a comportar-se amb honestedat i transpar\u00e8ncia. El personatge principal d&#8217;aquesta pel\u00b7l\u00edcula, la Yeva, es veu obligada a enfrontar sola als problemes, amenaces i fins i tot les seves pr\u00f2pies debilitats. Els humans s\u00f3n humans arreu del planeta, per\u00f2 el que els fa diferents s\u00f3n les cultures a les quals pertanyen.<\/p>\n<p><strong>Presentaci\u00f3 i col\u00b7loqui a c\u00e0rrec de Menene Gras Balaguer, directora de l\u2019AFFBCN i directora de Cultura i Exposicions de Casa Asia.<br \/>\n<\/strong><\/p>\n            <\/div>        <\/div>    <\/div><\/section>\n<section class=\"av_toggle_section\"  >    <div role=\"tablist\" class=\"single_toggle\" data-tags=\"{All} \"  >        <p data-fake-id=\"#toggle-id-2\" class=\"toggler \"    role=\"tab\" tabindex=\"0\" aria-controls=\"toggle-id-2\">Biografia del director<span class=\"toggle_icon\" >        <span class=\"vert_icon\"><\/span><span class=\"hor_icon\"><\/span><\/span><\/p>        <div id=\"toggle-id-2\" class=\"toggle_wrap \"  >            <div class=\"toggle_content invers-color \"   ><p><strong>Anahid Abad<\/strong> d&#8217;origen armeni, va n\u00e9ixer a Teheran el 1969. Ha col\u00b7laborat amb destacats directors com Alireza Davood Nejad, Abolfazl Jalili, Rasoul Sadrameli, Ahmad Reza Darvish, Varuzh Karim-Masihi i Bahram Beizaie. Des del 2010 \u00e9s la directora de l&#8217;Institute of Iran Cinema. Ella diu que en realitat: &#8220;S\u00f3c una dona arm\u00e8nia cristiana que va n\u00e9ixer i viu en un pa\u00eds com l&#8217;Iran&#8221;. Per a ella ser part d&#8217;una minoria dins d&#8217;una majoria sempre ha estat part de la seva vida.<\/p>\n            <\/div>        <\/div>    <\/div><\/section>\n<\/div><br \/>\n<div  style='height:20px' class='hr hr-invisible   avia-builder-el-4  el_after_av_toggle_container  el_before_av_button '><span class='hr-inner ' ><span class='hr-inner-style'><\/span><\/span><\/div><\/p>\n<h4 style=\"text-align: center;\"><span style=\"color: #d32e1b;\"><b>PROJECCI\u00d3<\/b><\/span><\/h4>\n<p style=\"text-align: center;\">Dissabte 5 d\u2019octubre<br \/>\n20:00h<br \/>\nCAIXAFORUM (AUDITORI)<\/p>\n<div  class='avia-button-wrap avia-button-center  avia-builder-el-5  el_after_av_hr  avia-builder-el-last ' ><a href='https:\/\/caixaforum.es\/es\/barcelona\/actividades?c=874804' class='avia-button  avia-color-theme-color   avia-icon_select-no avia-size-x-large avia-position-center ' target=\"_blank\" rel=\"noopener\"><span class='avia_iconbox_title' >COMPRAR ENTRADES<\/span><\/a><\/div><\/div>\n","protected":false},"excerpt":{"rendered":"<p>Anahid Abad  &#8211; 2017<\/p>\n","protected":false},"featured_media":21094,"comment_status":"closed","ping_status":"closed","template":"","tags":[],"portfolio_entries":[232,79,137],"class_list":["post-21145","portfolio","type-portfolio","status-publish","has-post-thumbnail","hentry","portfolio_entries-caixaforum-cat","portfolio_entries-discoveries-cat","portfolio_entries-iran-ca"],"yoast_head":"<!-- This site is optimized with the Yoast SEO plugin v20.10 - https:\/\/yoast.com\/wordpress\/plugins\/seo\/ -->\n<title>YEVA - Asian Film Festival Barcelona<\/title>\n<meta name=\"robots\" content=\"noindex, follow, max-snippet:-1, max-image-preview:large, max-video-preview:-1\" \/>\n<meta property=\"og:locale\" content=\"ca_ES\" \/>\n<meta property=\"og:type\" content=\"article\" \/>\n<meta property=\"og:title\" content=\"YEVA - Asian Film Festival Barcelona\" \/>\n<meta property=\"og:description\" content=\"Anahid Abad - 2017\" \/>\n<meta property=\"og:url\" content=\"https:\/\/asianfilmfestival.barcelona\/2019\/ca\/film-item\/yeva\/\" \/>\n<meta property=\"og:site_name\" content=\"Asian Film Festival Barcelona\" \/>\n<meta property=\"article:modified_time\" content=\"2019-09-23T16:33:44+00:00\" \/>\n<meta property=\"og:image\" content=\"https:\/\/asianfilmfestival.barcelona\/2019\/wp-content\/uploads\/2019\/09\/Iran-YEVA-2.jpg\" \/>\n\t<meta property=\"og:image:width\" content=\"988\" \/>\n\t<meta property=\"og:image:height\" content=\"642\" \/>\n\t<meta property=\"og:image:type\" content=\"image\/jpeg\" \/>\n<meta name=\"twitter:card\" content=\"summary_large_image\" \/>\n<meta name=\"twitter:label1\" content=\"Temps estimat de lectura\" \/>\n\t<meta name=\"twitter:data1\" content=\"2 minuts\" \/>\n<script type=\"application\/ld+json\" class=\"yoast-schema-graph\">{\"@context\":\"https:\/\/schema.org\",\"@graph\":[{\"@type\":\"WebPage\",\"@id\":\"https:\/\/asianfilmfestival.barcelona\/2019\/ca\/film-item\/yeva\/\",\"url\":\"https:\/\/asianfilmfestival.barcelona\/2019\/ca\/film-item\/yeva\/\",\"name\":\"YEVA - Asian Film Festival Barcelona\",\"isPartOf\":{\"@id\":\"https:\/\/asianfilmfestival.barcelona\/2019\/#website\"},\"datePublished\":\"2019-09-20T13:15:15+00:00\",\"dateModified\":\"2019-09-23T16:33:44+00:00\",\"breadcrumb\":{\"@id\":\"https:\/\/asianfilmfestival.barcelona\/2019\/ca\/film-item\/yeva\/#breadcrumb\"},\"inLanguage\":\"ca\",\"potentialAction\":[{\"@type\":\"ReadAction\",\"target\":[\"https:\/\/asianfilmfestival.barcelona\/2019\/ca\/film-item\/yeva\/\"]}]},{\"@type\":\"BreadcrumbList\",\"@id\":\"https:\/\/asianfilmfestival.barcelona\/2019\/ca\/film-item\/yeva\/#breadcrumb\",\"itemListElement\":[{\"@type\":\"ListItem\",\"position\":1,\"name\":\"Home\",\"item\":\"https:\/\/asianfilmfestival.barcelona\/2019\/ca\/\"},{\"@type\":\"ListItem\",\"position\":2,\"name\":\"YEVA\"}]},{\"@type\":\"WebSite\",\"@id\":\"https:\/\/asianfilmfestival.barcelona\/2019\/#website\",\"url\":\"https:\/\/asianfilmfestival.barcelona\/2019\/\",\"name\":\"Asian Film Festival Barcelona\",\"description\":\"2019\",\"potentialAction\":[{\"@type\":\"SearchAction\",\"target\":{\"@type\":\"EntryPoint\",\"urlTemplate\":\"https:\/\/asianfilmfestival.barcelona\/2019\/?s={search_term_string}\"},\"query-input\":\"required name=search_term_string\"}],\"inLanguage\":\"ca\"}]}<\/script>\n<!-- \/ Yoast SEO plugin. -->","yoast_head_json":{"title":"YEVA - Asian Film Festival Barcelona","robots":{"index":"noindex","follow":"follow","max-snippet":"max-snippet:-1","max-image-preview":"max-image-preview:large","max-video-preview":"max-video-preview:-1"},"og_locale":"ca_ES","og_type":"article","og_title":"YEVA - Asian Film Festival Barcelona","og_description":"Anahid Abad - 2017","og_url":"https:\/\/asianfilmfestival.barcelona\/2019\/ca\/film-item\/yeva\/","og_site_name":"Asian Film Festival Barcelona","article_modified_time":"2019-09-23T16:33:44+00:00","og_image":[{"width":988,"height":642,"url":"https:\/\/asianfilmfestival.barcelona\/2019\/wp-content\/uploads\/2019\/09\/Iran-YEVA-2.jpg","type":"image\/jpeg"}],"twitter_card":"summary_large_image","twitter_misc":{"Temps estimat de lectura":"2 minuts"},"schema":{"@context":"https:\/\/schema.org","@graph":[{"@type":"WebPage","@id":"https:\/\/asianfilmfestival.barcelona\/2019\/ca\/film-item\/yeva\/","url":"https:\/\/asianfilmfestival.barcelona\/2019\/ca\/film-item\/yeva\/","name":"YEVA - Asian Film Festival Barcelona","isPartOf":{"@id":"https:\/\/asianfilmfestival.barcelona\/2019\/#website"},"datePublished":"2019-09-20T13:15:15+00:00","dateModified":"2019-09-23T16:33:44+00:00","breadcrumb":{"@id":"https:\/\/asianfilmfestival.barcelona\/2019\/ca\/film-item\/yeva\/#breadcrumb"},"inLanguage":"ca","potentialAction":[{"@type":"ReadAction","target":["https:\/\/asianfilmfestival.barcelona\/2019\/ca\/film-item\/yeva\/"]}]},{"@type":"BreadcrumbList","@id":"https:\/\/asianfilmfestival.barcelona\/2019\/ca\/film-item\/yeva\/#breadcrumb","itemListElement":[{"@type":"ListItem","position":1,"name":"Home","item":"https:\/\/asianfilmfestival.barcelona\/2019\/ca\/"},{"@type":"ListItem","position":2,"name":"YEVA"}]},{"@type":"WebSite","@id":"https:\/\/asianfilmfestival.barcelona\/2019\/#website","url":"https:\/\/asianfilmfestival.barcelona\/2019\/","name":"Asian Film Festival Barcelona","description":"2019","potentialAction":[{"@type":"SearchAction","target":{"@type":"EntryPoint","urlTemplate":"https:\/\/asianfilmfestival.barcelona\/2019\/?s={search_term_string}"},"query-input":"required name=search_term_string"}],"inLanguage":"ca"}]}},"_links":{"self":[{"href":"https:\/\/asianfilmfestival.barcelona\/2019\/ca\/wp-json\/wp\/v2\/portfolio\/21145","targetHints":{"allow":["GET"]}}],"collection":[{"href":"https:\/\/asianfilmfestival.barcelona\/2019\/ca\/wp-json\/wp\/v2\/portfolio"}],"about":[{"href":"https:\/\/asianfilmfestival.barcelona\/2019\/ca\/wp-json\/wp\/v2\/types\/portfolio"}],"replies":[{"embeddable":true,"href":"https:\/\/asianfilmfestival.barcelona\/2019\/ca\/wp-json\/wp\/v2\/comments?post=21145"}],"version-history":[{"count":5,"href":"https:\/\/asianfilmfestival.barcelona\/2019\/ca\/wp-json\/wp\/v2\/portfolio\/21145\/revisions"}],"predecessor-version":[{"id":22658,"href":"https:\/\/asianfilmfestival.barcelona\/2019\/ca\/wp-json\/wp\/v2\/portfolio\/21145\/revisions\/22658"}],"wp:featuredmedia":[{"embeddable":true,"href":"https:\/\/asianfilmfestival.barcelona\/2019\/ca\/wp-json\/wp\/v2\/media\/21094"}],"wp:attachment":[{"href":"https:\/\/asianfilmfestival.barcelona\/2019\/ca\/wp-json\/wp\/v2\/media?parent=21145"}],"wp:term":[{"taxonomy":"post_tag","embeddable":true,"href":"https:\/\/asianfilmfestival.barcelona\/2019\/ca\/wp-json\/wp\/v2\/tags?post=21145"},{"taxonomy":"portfolio_entries","embeddable":true,"href":"https:\/\/asianfilmfestival.barcelona\/2019\/ca\/wp-json\/wp\/v2\/portfolio_entries?post=21145"}],"curies":[{"name":"wp","href":"https:\/\/api.w.org\/{rel}","templated":true}]}}

<div class="flex_column av_one_half  flex_column_div first  avia-builder-el-0  el_before_av_one_half  avia-builder-el-first  " ><p><a href="https://www.aparat.com/video/video/embed/videohash/f6Ohc/vt/frame"><img loading="lazy" decoding="async" class="alignnone wp-image-21096 size-full" src="https://test.asianfilmfestival.barcelona/2019/wp-content/uploads/2019/09/Iran-YEVA-3_PLAY.jpg" alt="" width="988" height="642" srcset="https://asianfilmfestival.barcelona/2019/wp-content/uploads/2019/09/Iran-YEVA-3_PLAY.jpg 988w, https://asianfilmfestival.barcelona/2019/wp-content/uploads/2019/09/Iran-YEVA-3_PLAY-300x195.jpg 300w, https://asianfilmfestival.barcelona/2019/wp-content/uploads/2019/09/Iran-YEVA-3_PLAY-768x499.jpg 768w, https://asianfilmfestival.barcelona/2019/wp-content/uploads/2019/09/Iran-YEVA-3_PLAY-705x458.jpg 705w" sizes="auto, (max-width: 988px) 100vw, 988px" /></a></p>
<div   data-size='portfolio'  data-lightbox_size='large'  data-animation='fade'  data-conditional_play=''  data-ids='21090,21093'  data-video_counter='0'  data-autoplay='true'  data-bg_slider='false'  data-slide_height=''  data-handle='av_slideshow'  data-interval='3'  data-class=' avia-builder-el-1  avia-builder-el-no-sibling   avia-small-width-slider'  data-el_id=''  data-css_id=''  data-scroll_down=''  data-control_layout='av-control-hidden'  data-custom_markup=''  data-perma_caption=''  data-autoplay_stopper=''  data-image_attachment=''  data-min_height='0px'  data-default-height='80.808080808081'  class='avia-slideshow avia-slideshow-1  av-control-hidden av-default-height-applied avia-slideshow-portfolio av_slideshow  avia-builder-el-1  avia-builder-el-no-sibling   avia-small-width-slider avia-fade-slider ' ><ul class='avia-slideshow-inner ' style='padding-bottom: 80.808080808081%;' ><li  class=' slide-1 ' ><div data-rel='slideshow-1' class='avia-slide-wrap '   ><img src='https://asianfilmfestival.barcelona/2019/wp-content/uploads/2019/09/Iran-YEVA-1-495x400.jpg' width='495' height='400' title='Iran-YEVA-(1)' alt=''   /></div></li><li  class=' slide-2 ' ><div data-rel='slideshow-1' class='avia-slide-wrap '   ><img src='https://asianfilmfestival.barcelona/2019/wp-content/uploads/2019/09/Iran-YEVA-2-495x400.jpg' width='495' height='400' title='Iran-YEVA-(2)' alt=''   /></div></li></ul><div class='avia-slideshow-arrows avia-slideshow-controls'><a href='#prev' class='prev-slide' aria-hidden='true' data-av_icon='' data-av_iconfont='entypo-fontello'>Anterior</a><a href='#next' class='next-slide' aria-hidden='true' data-av_icon='' data-av_iconfont='entypo-fontello'>Següent</a></div><div class='avia-slideshow-dots avia-slideshow-controls'><a href='#1' class='goto-slide active' >1</a><a href='#2' class='goto-slide ' >2</a></div></div></div>
<div class="flex_column av_one_half  flex_column_div   avia-builder-el-2  el_after_av_one_half  avia-builder-el-last  " ><h1><span style="color: #d32e1b;">YEVA</span></h1>
<h4><span style="color: #999999;">Iran, Armènia </span></h4>
<h4><span style="color: #999999;">Secció Discoveries </span></h4>
<p>Director: Anahid Abad<br />
Any: 2017<br />
Durada: 96&#8242;<br />
Idioma: VOSE<br />
Gènere: Drama</p>
<p><div  class="togglecontainer   toggle_close_all  avia-builder-el-3  el_before_av_hr  avia-builder-el-first " >
<section class="av_toggle_section"  >    <div role="tablist" class="single_toggle" data-tags="{All} "  >        <p data-fake-id="#toggle-id-1" class="toggler "    role="tab" tabindex="0" aria-controls="toggle-id-1">Sinopsi<span class="toggle_icon" >        <span class="vert_icon"></span><span class="hor_icon"></span></span></p>        <div id="toggle-id-1" class="toggle_wrap "  >            <div class="toggle_content invers-color "   ><p>La Yeva és una jove que abandona la casa dels seus influents sogres amb la seva filla Nareh, després de la tràgica mort del seu marit. A continuació, es refugia en un dels poblats de Karabakh (Armènia). Tanmateix, és vista com una completa estrangera d’aquell lloc i es veu obligada a viure disfressada per a no cridar l&#8217;atenció. L’Anahid Abad, diu haver trobat als seus personatges en una zona tan remota com Karabakh, en què la inseguretat de la guerra fa que els seus habitants es vegin obligats a comportar-se amb honestedat i transparència. El personatge principal d&#8217;aquesta pel·lícula, la Yeva, es veu obligada a enfrontar sola als problemes, amenaces i fins i tot les seves pròpies debilitats. Els humans són humans arreu del planeta, però el que els fa diferents són les cultures a les quals pertanyen.</p>
<p><strong>Presentació i col·loqui a càrrec de Menene Gras Balaguer, directora de l’AFFBCN i directora de Cultura i Exposicions de Casa Asia.<br />
</strong></p>
            </div>        </div>    </div></section>
<section class="av_toggle_section"  >    <div role="tablist" class="single_toggle" data-tags="{All} "  >        <p data-fake-id="#toggle-id-2" class="toggler "    role="tab" tabindex="0" aria-controls="toggle-id-2">Biografia del director<span class="toggle_icon" >        <span class="vert_icon"></span><span class="hor_icon"></span></span></p>        <div id="toggle-id-2" class="toggle_wrap "  >            <div class="toggle_content invers-color "   ><p><strong>Anahid Abad</strong> d&#8217;origen armeni, va néixer a Teheran el 1969. Ha col·laborat amb destacats directors com Alireza Davood Nejad, Abolfazl Jalili, Rasoul Sadrameli, Ahmad Reza Darvish, Varuzh Karim-Masihi i Bahram Beizaie. Des del 2010 és la directora de l&#8217;Institute of Iran Cinema. Ella diu que en realitat: &#8220;Sóc una dona armènia cristiana que va néixer i viu en un país com l&#8217;Iran&#8221;. Per a ella ser part d&#8217;una minoria dins d&#8217;una majoria sempre ha estat part de la seva vida.</p>
            </div>        </div>    </div></section>
</div><br />
<div  style='height:20px' class='hr hr-invisible   avia-builder-el-4  el_after_av_toggle_container  el_before_av_button '><span class='hr-inner ' ><span class='hr-inner-style'></span></span></div></p>
<h4 style="text-align: center;"><span style="color: #d32e1b;"><b>PROJECCIÓ</b></span></h4>
<p style="text-align: center;">Dissabte 5 d’octubre<br />
20:00h<br />
CAIXAFORUM (AUDITORI)</p>
<div  class='avia-button-wrap avia-button-center  avia-builder-el-5  el_after_av_hr  avia-builder-el-last ' ><a href='https://caixaforum.es/es/barcelona/actividades?c=874804' class='avia-button  avia-color-theme-color   avia-icon_select-no avia-size-x-large avia-position-center ' target="_blank" rel="noopener"><span class='avia_iconbox_title' >COMPRAR ENTRADES</span></a></div></div>
